composite?
False
Is (-13074)/(-3)*(-2 - 5/(-2)) prime?
True
Let w(l) = -2*l - 2. Let o be w(-3). Suppose -5873 - 2739 = -o*b. Is b composite?
False
Is (-1)/((-18)/3)*(379657 + 5) a prime number?
True
Let i = -253 - -2016. Is i a composite number?
True
Suppose 11058 = 47*b - 41*b. Is b prime?
False
Let w(i) = 0*i - 4*i + 4*i + 91*i**2 + 9. Is w(4) a composite number?
True
Suppose -2*p + 90 = -102. Let y = -20 + 43. Let j = y + p. Is j a composite number?
True
Let z be (23867/29)/(-2*2/(-4)). Suppose -j + z - 154 = 0. Is j a prime number?
False
Let w(j) = 2830*j + 27. Is w(4) prime?
False
Suppose 0 = -5*c - 5*r - 15, -c - c + 4*r = -24. Is (-20020)/16*-2 - (-1)/c a composite number?
False
Let h = -398 + -684. Let u be (-10)/(-15) + h/(-6). Let x = u + 52. Is x prime?
True
Let w(y) = 4*y - 26. Let q be w(9). Suppose -q = -4*m - 2. Suppose 5*s + m*t - 229 = -74, -4*s = -4*t - 124. Is s a prime number?
True
Let n = 67 - 62. Suppose -f + 5*f - 5*l - 3614 = 0, -n*l + 891 = f. Is f prime?
False
Suppose 4*v + 51 = 15. Let j be (-4 + 1)*(-8 - v). Is ((-334)/j)/((-4)/(-18)) prime?
False
Let g(f) be the first derivative of 17*f**3/3 - 3*f**2/2 - 7*f + 25. Let a(h) = h**3 + 7*h**2 - 9*h - 11. Let j be a(-8). Is g(j) composite?
True
Let i = 7599 - 2116. Is i prime?
True
Let u be (-1)/(3/6) - 0. Let n be (u - -1)*15/(-1). Let c = n + -11. Is c a prime number?
False
Suppose 1026 + 1510 = 4*x. Is x composite?
True
Let l(z) = -5*z + 2. Let k be l(-4). Let b(s) = -k*s + 3 - 20*s + 4. Is b(-6) composite?
True
Suppose -16*t = -17*t. Let i(v) = -v**2 - v + 211. Is i(t) a prime number?
True
Let t(l) = -54*l - 5. Let g(o) = -2*o**3 + 5*o**2 + o. Let m(c) = c**3 + c**2. Let h(x) = -g(x) + 4*m(x). Let r be h(-1). Is t(r) prime?
False
Let j = 59 + -132. Let s = j + 342. Is s a prime number?
True
Suppose -3*i + 1585 = 3*j + j, 5*i = -2*j + 775. Suppose 2*t + 1797 = 5067. Suppose 5*l - j = t. Is l a prime number?
False
Let r(c) = 683*c - 6 + 2 + 206*c + 4. Let w be 2/4*0 + 1. Is r(w) composite?
True
Suppose -a + 5*h + 31 = a, 21 = 2*a - 3*h. Suppose -a*p = 3*y - 963, -3*y - p + 4*p + 993 = 0. Is y prime?
False
Is ((-5)/(-5))/(16950/16945 - 1) a prime number?
True
Suppose -72 = -2*w + 692. Is w prime?
False
Let g(x) = x - 3019. Let c be g(0). Let j = -1756 - c. Is (-2)/(1 + j/(-1257)) prime?
True
Let r(t) = 138*t**2 - t + 9. Is r(-8) a composite number?
False
Suppose -234 = l - 4*l. Let j = 9 + l. Is j*(1 + 0 + 0) a composite number?
True
Suppose -21 = 2*l - 3. Suppose -62*b = -61*b + 3. Is b + (-378)/(l/3) composite?
True
Suppose 377462 = 4*d + 3*q + 105144, d + 3*q - 68075 = 0. Is d prime?
False
Let v = 13916 - 7009. Is v composite?
False
Let m be (-963584)/(-88) - (-4)/22. Let v = 15371 - m. Is v composite?
False
Suppose 0 = -3*k + f + 8, 4*f = 4*k + 2*f - 10. Suppose -c + 4*t = -k*c + 1446, 2169 = 3*c - 4*t. Is c composite?
True
Let p = -10 - -2. Let g(j) be the third derivative of j**5/60 + j**4/24 - 7*j**3/6 - 45*j**2. Is g(p) composite?
True
Suppose 2028 + 165 = 3*j. Let v = 1053 - j. Suppose -2*a + 1243 = 2*a - 5*g, 5*g = a - v. Is a a prime number?
True
Let q be 12*(0 - (-2)/8). Suppose -2*j = -2, -q*a + a + 989 = 3*j. Is a a prime number?
False
Let s = -13434 + 20333. Is s a prime number?
True
Let x(p) = -p**3 + 12*p**2 + 15*p - 13. Let u be x(16). Is (u/4)/((-3)/12) a composite number?
False
Suppose -2*q - q + d = -67, -3*d = -5*q + 105. Is q/(-32) - (-7039)/4 prime?
True
Suppose 6*i - 11 = 31. Is (-6379)/(-7) + (-2)/i prime?
True
Let m(v) = -38*v + 29. Suppose 12*t + 66 = -54. Is m(t) prime?
True
Let y = -5284 - -8583. Is y a prime number?
True
Let y = 5 + -3. Let o(b) = y - 2*b**2 - 2*b**3 - 4 + 8*b + 5 - 2*b**2. Is o(-5) prime?
True
Let a = 9 - 51. Let u be 92/3*a/(-4). Suppose u = l + 59. Is l a composite number?
False
Suppose 4*a + 3*p = -208, 0 = -2*a - p - 91 - 15. Let o = 189 + a. Is o a composite number?
True
Suppose 3*h - 88839 = -6*h. Is h prime?
True
Let j(l) = 11*l - 12. Suppose -2*x = -5*x - 15. Let n = 16 + x. Is j(n) composite?
False
Let x = 8800 - -1501. Is x a prime number?
True
Suppose -32*l + 7*l + 29225 = 0. Is l prime?
False
Suppose -3*z + 13 = q, -7 = 3*z - 6*z - 4*q. Suppose 0*x = -z*x + 25. Suppose 3*f = -2*j - 0*f + 299, -2*f + 775 = x*j. Is j a composite number?
False
Let g(u) = 14921*u**3 - u**2 + 2*u - 1. Let n be g(1). Suppose -5*o = -4*t + 18765, 4*t = -o + n + 3814. Is t composite?
True
Let w = -2274 - -12851. Is w a composite number?
True
Suppose -80*s = -84*s + 78644. Is s a prime number?
True
Suppose -3*w - 5 = u - 35, -w + 150 = 5*u. Is (-12)/66 - u*545/(-22) composite?
False
Suppose 2*q = q - 4, -5*r - 2363 = -3*q. Let d = -326 - r. Suppose -d = -3*i + 2*i. Is i a composite number?
False
Is 63/(-6)*48466/(-33) composite?
True
Suppose 5*n - 12 = -0*n - 3*b, -5*b - 2 = n. Let r be 1373/n + (-4)/6. Let q = r - 164. Is q prime?
True
Let j be ((-6)/(-9))/((-16)/24). Let b be j + 284/4 - -2. Let w = b - -7. Is w prime?
True
Let w be 1 + -9 - -4 - -79. Suppose -4*v - 3*j = -3*v - w, 4*v + j = 333. Is 7500/v + (-2)/7 a composite number?
False
Is ((-190980)/(-210))/(4/14) prime?
False
Let y be -2 - -1 - (-4 - -2). Let w(i) = 42*i**3 + i. Is w(y) a prime number?
True
Suppose -5*n - 130 + 10 = 0. Let l be (304/(-32))/((-2)/n). Let x = -35 - l. Is x prime?
True
Let l be (4/5)/(4/18010). Let x = 2512 - l. Let w = 1643 + x. Is w a prime number?
False
Suppose 3*r = -0*r - 1050. Suppose 2*d = -5*u - 3369 + 308, 2458 = -4*u + 3*d. Let s = r - u. Is s a composite number?
False
Let j(b) = b**3 + 8*b**2 - 2*b - 5. Let s be j(-8). Suppose -s*m + m = -2870. Is m prime?
False
Let o(p) = p. Let c(b) = b**2 + 7*b + 4. Let m(g) = c(g) - 5*o(g). Let r be m(-2). Suppose r*f + 4*v = 484, -f + 85 = -2*v - 30. Is f prime?
False
Let q(c) = 5*c**2 - 14*c - 44. Is q(23) prime?
False
Let h(w) = 87*w**2 + w - 2. Let z be h(1). Suppose z + 26 = 4*l. Suppose 2*x = l - 2. Is x a prime number?
True
Let x = -6498 - -15863. Is x composite?
True
Let z = 2154 + -1292. Is z a composite number?
True
Suppose 4*k = -p + 561, 3*p - 364 - 1354 = -5*k. Is p a prime number?
False
Let b(l) = l**3 - 11*l**2 + 8*l + 14. Let m be b(10). Is 1/(-6) + (-2275)/m a prime number?
True
Let c(u) = -2*u - 11. Suppose -3*o - 5*t = 7, -o - 8 - 5 = -t. Let y be c(o). Suppose -745 = 2*n - y*n. Is n composite?
False
Let d(m) = -12*m - 19. Let x be d(-2). Suppose -16439 = -4*f + 5*b, 3*f - 6*f = -x*b - 12328. Is f composite?
False
Let o be (-13)/(18/(-84) - 2/(-8)). Let g = 1413 + o. Is g a prime number?
True
Suppose -3*n = 2*a - 7827, -116*n + 114*n = a - 3911. Is a prime?
False
Let m = -104996 + 161233. Is m a composite number?
False
Let o = 61305 + -24044. Is o composite?
True
Suppose 2313 - 455 = 2*s + m, -4*m = 16. Let u = -361 + s. Let v = u + -101. Is v composite?
True
Suppose 0 = -5*l + 4*k + 12173, l - 1892 = 4*k + 533. Is l a composite number?
False
Let g = 0 + 2. Let f = g - -1. Suppose 0 = -f*o + r + r + 121, o - 41 = r. Is o a prime number?
False
Suppose 0*a = 5*i + 2*a + 6, i - 2*a - 6 = 0. Suppose -4*w = -4*v - 3832, -4*v + 0*v - 20 = i. Is w prime?
True
Let t = -15 + -10. Let n(u) = 6*u**2 + 17*u + 34. Is n(t) a composite number?
False
Suppose s + 2*j + 17 = -3*j, -3*s + 13 = -j. Is (-4 - 503/(-3))*s a composite number?
False
Let k = 13830 + -8364. Let h = 9259 - k. Is h composite?
False
Let q(s) = s**2 + 5*s - 19. Let v be q(-8). Suppose 2*f - 4*n + 676 = 0, -1363 - 294 = v*f + n. Let i = 565 + f. Is i a composite number?
False
Let p = 8 - 6. Let w be 1/p*806/1. Is w + (-3)/6*0 a composite number?
True
Let i(s) = 7*s**2 - 21*s + 61. Is i(-14) a prime number?
False
Suppose 14216 = 160*h - 156*h. Is h a prime number?
False
Let m be (-6)/(-2) + -18 + 11. Is (-1677)/(-3) + (m - -8) a composite number?
False
Let z = -314 - -463. Let y = z + 6. Is y a prime number?
False
Let m(t) = 45*t - 12. Let q(i) = -44*i + 11. Let u = 4 + -2. Let s(l) = u*m(l) + 3*q(l). Is s(-4) a prime number?
False
Let w = 12 - 9. Let f(g) = -4*g + 4. Let r be f(w). Is 4*(4 + (-198)/r) composite?
True
Suppose 3*r = 3*v - 7011, 3*r - 9340 = -4*v + 5*r. Is v prime?
True
Suppose 0 = -40*i + 35*i + 26315. Is i composite?
True
Is 4867538/390 - -1*(-4)/(-30) composite?
True
Suppose -7*h + 24123 = -40550. Is h co